h = v + 79. What is the tens digit of h?
1
Suppose 395 = 2*q + 187. Let d be (-4)/(-1) + 2/(-2). Suppose -d*m + q + 25 = 0. What is the units digit of m?
3
Let f(q) = -4*q - 8. Let h(g) = -g - 1. Let k = 9 - 8. Let p(d) = k*f(d) - 6*h(d). What is the units digit of p(5)?
8
Suppose -5*x = 5*c - 15, x - 1 = 2*c + 17. What is the hundreds digit of 314*1 + x + -3?
3
Let u(d) = 10*d - 24. Let a be u(6). What is the units digit of a/(4*((-13)/(-6) + -2))?
4
What is the hundreds digit of 6/2 + 4312 + 33 - -2?
3
Suppose -30595 = -5*r - 2*h, 2*r - 5*h + 24459 = 6*r. What is the thousands digit of r?
6
Let i be (-5)/((-5)/(-6))*(-19)/3. Let t = 2 - 3. What is the tens digit of (3 - (6 - t)) + i?
3
Let y(l) = 10*l + l**3 + l - 10*l**2 - 6 - l**2 - 2. Let b be y(10). What is the units digit of 63/12 + b/(-8)?
5
Let u(q) = 4*q - 24. Let c be u(6). Suppose c = -7*w - 683 + 1908. What is the tens digit of w?
7
Let s(d) = -d + 2. Let y be s(-3). Suppose -4*n - 465 - 424 = -y*p, 5*p - n = 886. What is the units digit of p?
7
Let b(d) = -3*d - 5. Let s(q) = q**2 - 3*q + 2. Let p be s(4). Let o be b(p). What is the tens digit of (-5 - o)*(-5)/(-2)?
4
Let c(b) = b**2 - 216*b**3 + 2*b**2 - 4*b**2 + 37*b**3. Let f be c(-1). Suppose 66 = -2*k + f. What is the tens digit of k?
5
Let b be -2 - (-1 - (2 - -1)). Let c(t) be the first derivative of 11*t**2/2 - 7*t - 4. What is the tens digit of c(b)?
1
Suppose -4*k = -3*k - 242. Suppose -6*n + 166 + k = 0. What is the tens digit of n?
6
Let k be 1/(-2) - 3/(-2). Suppose 2*x - 5 = 3*j + 9, 2*x - 4*j = 16. What is the units digit of (-6)/(k/((-10)/x))?
5
Suppose 0 = -l - 4*r + 24, l - 2*r - 96 = -3*l. Suppose -32 = -i - 15. Let j = l - i. What is the units digit of j?
7
Let z be (-105)/2*(-64)/24. Suppose 7*c + 0 + z = 0. Let j = 31 + c. What is the tens digit of j?
1
Suppose 3*p - 7041 = -8*a + 4*a, 5*p + 1743 = a. What is the hundreds digit of a?
7
Suppose -4*z - 2 = t + 10, 3 = t - z. Let r(v) = v**3 + 0*v**3 + v + t*v**3 + 4 - 9*v**2 + 8. What is the tens digit of r(9)?
2
Suppose -254 = -3*i - 3*o - 2*o, 2*i = 2*o + 180. Let u = i + 45. What is the hundreds digit of u?
1
Let n(f) = 3*f**3 - 7*f**2 + 3*f + 7. Suppose 16*k + 12 = 19*k. What is the tens digit of n(k)?
9
Let h be ((-3)/(-1) - 1)/(-3 + 2). Let r be (3 + (-7)/3)*-18. What is the units digit of (-3)/(h/((-160)/r))?
0
Let z = 149 - -115. What is the tens digit of z?
6
Suppose -59*v - 22*v + 263088 = 0. What is the hundreds digit of v?
2
Let d = -10 + 12. Let w(x) = -1 - 156*x + 4*x**2 - x**d - 4*x**2 + 144*x. What is the tens digit of w(-11)?
1
Suppose n = 5*i - 2, 3*i = -i - 4. Let m(s) = -s - 2. Let o be m(n). Suppose 0 = -4*z + 93 - o. What is the units digit of z?
2
Let z(w) = -w**2 - 20*w - 45. Let f be z(-19). Let t = f + 43. What is the units digit of t?
7
Let b be (-5)/(-45) - (-3598)/18. Suppose b = -2*p + 5*p + a, -2*p + 122 = -5*a. What is the units digit of p?
6
Let m(n) = -n**3 + n**2 - 11*n + 9. Let q be m(5). What is the units digit of 8/((-16)/6) - (q + 0)?
3
Suppose -9*k = -2*k - 21. Suppose 2*a - 2*h - 11 = -k*h, -4*a + 23 = 3*h. What is the units digit of a?
5
Let o = 18 + -10. Let s(g) be the third derivative of g**6/120 - 7*g**5/60 + g**4/24 - g**3/2 - g**2 - 2*g. What is the units digit of s(o)?
9
Let u = 581 + -245. Suppose 0*q - 5*q - k = -u, 5*q = -2*k + 337. What is the tens digit of q?
6
Let l(k) = -k**2 - 12*k + 5. Let p be l(-12). Suppose -4*a + 0*a = -4*t - 500, 0 = p*a - t - 641. What is the units digit of a?
9
Let u(g) = 3 + 7*g + 11*g + 3*g + 15*g**3 - 18*g - 3*g**2. What is the hundreds digit of u(2)?
1
Let n(g) = 25*g**2 - g. Let h be n(-1). Suppose -3*a - h - 7 = 0. Let q = -2 - a. What is the units digit of q?
9
Let p(s) = -s**2 - 5*s + 17. Let c be p(5). Let n = c - -124. What is the tens digit of n?
9
Let m = -15 + 14. Let n be m*2 + (-15 - -7). What is the tens digit of (-117)/(-5) - (-4)/n?
2
Let f = 157 + 12. What is the units digit of f?
9
Suppose 0 = 2*a - 58 + 28. What is the units digit of -2*(-69)/a + 1/(-5)?
9
Suppose -9 = 3*s, -o - 4*s - 6 = -2*s. Suppose c - 45 - 40 = o. What is the tens digit of c?
8
Let a = 707 - 240. What is the tens digit of a?
6
Suppose -516 - 2729 = -11*u. What is the hundreds digit of u?
2
Let h(q) = q + 1. Let d(v) = -v**3 - 8*v**2 - 7*v + 1. Let c be d(-7). Let y(z) = z - 6. Let u(w) = c*y(w) + 2*h(w). What is the units digit of u(3)?
5
Suppose 3*w - 2*w - 5*g + 3 = 0, w + 3 = -5*g. Let n be 1 + w + -1 + 4. Let t(z) = 21*z**3 + z**2 - 2*z. What is the tens digit of t(n)?
2
Suppose 15 = 5*z, 15 = -5*u - 3*z + 49. Let m be 0/u - 10/1. Let k = 30 + m. What is the tens digit of k?
2
Let d(j) = j**3 - 5*j**2 - 3*j - 14. Let y be d(6). Suppose -2*a - 10 = -3*o, -o + 2*o - a = y. What is the units digit of o?
2
Suppose 4*w - 661 = -5*k, -2*k + 3*w = -321 + 52. What is the tens digit of k?
3
Let n = -1154 - -1760. What is the tens digit of n?
0
Suppose -4*z = 2 - 50. Suppose 6*r - 3*r - z = 0, 4*m - r = 184. Suppose c - 119 = -3*k, -k - c - 4 = -m. What is the tens digit of k?
3
Let k(w) = w**2 + 7*w - 11. Let g be k(-9). Let c(f) = f**2 + 4*f - 5. Let u be c(g). Let s = u + -22. What is the tens digit of s?
5
Let v(r) be the first derivative of r - 1/3*r**3 + 11/2*r**2 + 3. What is the tens digit of v(10)?
1
Suppose -3*m + d - 27 = -0*d, 3*d = -5*m - 45. Let b(o) be the first derivative of -o**3/3 - 9*o**2/2 + 3*o - 3. What is the units digit of b(m)?
3
What is the units digit of (7/(-21) - 0)*-510?
0
Let o = -45 + 59. What is the units digit of (-20)/2*(-3 + o)*-1?
0
Suppose 35*g = 37*g - 22. Let b(r) = 11*r - 37. What is the units digit of b(g)?
4
Suppose 0 = 4*z - 1 - 15. Suppose 10*r - 826 + 216 = 0. Suppose -4*m + 156 = -z*u, -52 = -3*m - u + r. What is the tens digit of m?
3
Suppose -2*l + 14 = 2*c, 0*c - l - 47 = -5*c. Let b = 20 + -18. Suppose -3*f = -b*f - c. What is the units digit of f?
9
Let a be ((-3)/6)/(5/(-20)). Suppose 0 = a*n - 16 + 4. Let h = n + 24. What is the tens digit of h?
3
Suppose 7622 = 5*o + 3*s, -s = -3*o + 2689 + 1887. What is the units digit of o?
5
What is the units digit of ((-9)/2)/((-27)/(-36))*-173?
8
Let w be (35/14)/(1/2). Suppose -2*v = w*q + 3*v - 310, 0 = 5*v - 20. What is the units digit of q?
8
Suppose -15*s = 18*s - 9537. What is the hundreds digit of s?
2
Let g(v) = v**2 + 9*v + 19. Let b be g(-7). Suppose 4*t + 295 = b*z, 38 = -4*z - 3*t + 274. What is the units digit of z?
9
Let n = 209 - 207. Let w(d) = 2*d**2 + 5*d + 3. Let j be w(-3). Suppose -n*b = -0*b - j. What is the units digit of b?
3
Suppose -15 = c - 4*c. Suppose -c*q = -3*q - 22. What is the units digit of q?
1
What is the units digit of 42/189 + (-1)/(9/(-1690))?
8
Suppose -30 = -6*f + f. Let s = f + -4. Let v(o) = 3*o**2 - 3*o. What is the units digit of v(s)?
6
Suppose 5*g = -10, -2*l + 6*l + 2*g + 28 = 0. What is the units digit of (9 - 7)*l/(-4) + 167?
0
Let q(l) = -5*l + 10 + l**2 - 25 - l. What is the units digit of q(8)?
1
Let b(c) = -16*c - 522. What is the units digit of b(-36)?
4
Let k = -1435 - -864. What is the tens digit of 1/(-3)*(k - -13)?
8
Let t(x) = x**2 + 3*x - 3. Let y be t(-4). Let s(r) = -1 + 16*r + 19*r - 3*r. What is the units digit of s(y)?
1
Suppose 17*j + 15 = 20*j. Suppose 3 = 4*v + j*h, -3*v + v = 2*h - 4. What is the units digit of v/2 + (-8)/16?
3
Let w be 9/(27/(-12)) + 33. Let g = 76 + w. What is the units digit of g?
5
What is the units digit of (-32816)/(-72) - 10/(-45)?
6
Let o = -255 + 275. What is the units digit of o?
0
Suppose -28*j + 81175 = 5015. What is the tens digit of j?
2
Let u = -6735 - -11474. What is the hundreds digit of u?
7
Let y(n) = n**2 + 9*n + 3. Let o be y(-7). Let r = 14 + o. Suppose -r*w = -2*g + 19, -2*g - g + 3*w + 33 = 0. What is the tens digit of g?
1
Suppose 2*n + 2*w - 108 = 0, -2*n - w + 28 = -82. Suppose f = -4*f + 4*a + 59, 4*f - n = a. Let c = 18 - f. What is the units digit of c?
3
Let w be -1 + (-1)/((-1)/121 + 0). Suppose -2*t = -w - 30. What is the units digit of t?
5
Let v = 459 - 451. What is the units digit of v?
8
Suppose -2*j - 2*j = 4*r - 24, -5*j - 2*r + 27 = 0. Suppose -21*q + 26*q = 95. What is the units digit of (4 - j) + q/1?
8
Let m(a) = -a**2 + 9*a - 14. Let j be m(7). Suppose j = 8*l - 236 -